{"id":16,"date":"2022-04-11T20:00:14","date_gmt":"2022-04-11T18:00:14","guid":{"rendered":"https:\/\/www.muehlenurlaub-suedheide.de\/?page_id=16"},"modified":"2022-04-11T23:58:49","modified_gmt":"2022-04-11T21:58:49","slug":"urlaub","status":"publish","type":"page","link":"https:\/\/www.muehlenurlaub-suedheide.de\/index.php\/urlaub\/","title":{"rendered":"Urlaub"},"content":{"rendered":"\n<h3 class=\"wp-block-heading\">Zur Ruhe kommen und Energie tanken im historischen Turmholl\u00e4nder von 1867<\/h3>\n\n\n\n<p><\/p>\n\n\n\n<h4 class=\"wp-block-heading\">Ferienm\u00fchle f\u00fcr bis zu 6 (ggf. 8) Personen:<\/h4>\n\n\n\n<ul class=\"wp-block-list\"><li>Wohnfl\u00e4che in mitten der historischen Windm\u00fchle von ca 150 m2&nbsp;\u00fcber 3 Etagen<\/li><li>ab 5 Personen Nutzung des angrenzenden Apartments von ca. 35 m2 m\u00f6glich<\/li><li>2000 m2 gepflegter Garten in Alleinlage<\/li><\/ul>\n\n\n\n<div class=\"wp-block-image\"><figure class=\"alignright size-full\"><img loading=\"lazy\" decoding=\"async\" width=\"276\" height=\"414\" src=\"https:\/\/www.muehlenurlaub-suedheide.de\/wp-content\/uploads\/2022\/04\/muehle.png\" alt=\"\" class=\"wp-image-13\" srcset=\"https:\/\/www.muehlenurlaub-suedheide.de\/wp-content\/uploads\/2022\/04\/muehle.png 276w, https:\/\/www.muehlenurlaub-suedheide.de\/wp-content\/uploads\/2022\/04\/muehle-200x300.png 200w\" sizes=\"auto, (max-width: 276px) 100vw, 276px\" \/><\/figure><\/div>\n\n\n\n<h4 class=\"wp-block-heading\">Historischer Turmholl\u00e4nder von 1867<\/h4>\n\n\n\n<ul class=\"wp-block-list\"><li>f\u00fcr Ruhe- und Aussichtsliebende: 500m bis zum Dorf Ohrdorf<\/li><\/ul>\n\n\n\n<ul class=\"wp-block-list\"><li>voll funktionst\u00fcchtiges R\u00e4derwerk in der M\u00fchlenkappe<\/li><\/ul>\n\n\n\n<ul class=\"wp-block-list\"><li>Erdgeschoss: ca 60 m2 Wohn- Essbereich mit offener K\u00fcche<\/li><\/ul>\n\n\n\n<ul class=\"wp-block-list\"><li>voll eingerichtete K\u00fcche mit Ceranfeld, Backofen, Geschirrsp\u00fcler, Kaffeemaschine, &#8230;<\/li><\/ul>\n\n\n\n<ul class=\"wp-block-list\"><li>1. Obergeschoss: ca 45 m2 Schlafzimmer mit Sitzecke und weiterem TV<\/li><\/ul>\n\n\n\n<ul class=\"wp-block-list\"><li>2. Obergeschoss: ca 35 m2 Schlafzimmer; Badezimmer mit Dusche und WC<\/li><\/ul>\n\n\n\n<ul class=\"wp-block-list\"><li>ca. 2000m2 eingez\u00e4unter Garten<\/li><\/ul>\n\n\n\n<ul class=\"wp-block-list\"><li>Kirsch- und Apfelbaum<\/li><\/ul>\n\n\n\n<ul class=\"wp-block-list\"><li>gro\u00dfer Parkplatz<\/li><\/ul>\n\n\n\n<ul class=\"wp-block-list\"><li>Kinderspielplatz, Babybett und Hochstuhl, Steckdosen mit Kindersicherung, Kinderspielsachen<\/li><\/ul>\n\n\n\n<ul class=\"wp-block-list\"><li>Gartenm\u00f6bel zum Drau\u00dfen Fr\u00fchst\u00fccken (Br\u00f6tchenservice incl.) oder Grillen<\/li><\/ul>\n\n\n\n<ul class=\"wp-block-list\"><li>500 m bis Ohrdorf; 5 min bis Wittingen (Kleinstadt); 30 min bis Wolfsburg oder Gifhorn (M\u00fchlenmuseum, &#8230;); 90 min bis Hamburg<\/li><\/ul>\n\n\n\n<p><\/p>\n\n\n\n<h3 class=\"wp-block-heading\">Kontakt: <\/h3>\n\n\n\n<div class=\"wp-block-contact-form-7-contact-form-selector\"><div role=\"form\" class=\"wpcf7\" id=\"wpcf7-f152-o1\" lang=\"de-DE\" dir=\"ltr\">\n<div class=\"screen-reader-response\"><p role=\"status\" aria-live=\"polite\" aria-atomic=\"true\"><\/p> <ul><\/ul><\/div>\n<form action=\"\/index.php\/wp-json\/wp\/v2\/pages\/16#wpcf7-f152-o1\" method=\"post\" class=\"wpcf7-form init\" novalidate=\"novalidate\" data-status=\"init\">\n<div style=\"display: none;\">\n<input type=\"hidden\" name=\"_wpcf7\" value=\"152\" \/>\n<input type=\"hidden\" name=\"_wpcf7_version\" value=\"5.6.3\" \/>\n<input type=\"hidden\" name=\"_wpcf7_locale\" value=\"de_DE\" \/>\n<input type=\"hidden\" name=\"_wpcf7_unit_tag\" value=\"wpcf7-f152-o1\" \/>\n<input type=\"hidden\" name=\"_wpcf7_container_post\" value=\"0\" \/>\n<input type=\"hidden\" name=\"_wpcf7_posted_data_hash\" value=\"\" \/>\n<\/div>\n<p><label> Dein Name<br \/>\n    <span class=\"wpcf7-form-control-wrap\" data-name=\"your-name\"><input type=\"text\" name=\"your-name\" value=\"\" size=\"40\" class=\"wpcf7-form-control wpcf7-text wpcf7-validates-as-required\" aria-required=\"true\" aria-invalid=\"false\" \/><\/span> <\/label><\/p>\n<p><label> Deine E-Mail-Adresse<br \/>\n    <span class=\"wpcf7-form-control-wrap\" data-name=\"your-email\"><input type=\"email\" name=\"your-email\" value=\"\" size=\"40\" class=\"wpcf7-form-control wpcf7-text wpcf7-email wpcf7-validates-as-required wpcf7-validates-as-email\" aria-required=\"true\" aria-invalid=\"false\" \/><\/span> <\/label><\/p>\n<p><label> Betreff<br \/>\n    <span class=\"wpcf7-form-control-wrap\" data-name=\"your-subject\"><input type=\"text\" name=\"your-subject\" value=\"\" size=\"40\" class=\"wpcf7-form-control wpcf7-text wpcf7-validates-as-required\" aria-required=\"true\" aria-invalid=\"false\" \/><\/span> <\/label><\/p>\n<p><label> Deine Nachricht (optional)<br \/>\n    <span class=\"wpcf7-form-control-wrap\" data-name=\"your-message\"><textarea name=\"your-message\" cols=\"40\" rows=\"10\" class=\"wpcf7-form-control wpcf7-textarea\" aria-invalid=\"false\"><\/textarea><\/span> <\/label><br \/>\n<label><br \/>\nGebe diesen Code ein:<input type=\"hidden\" name=\"_wpcf7_captcha_challenge_captcha-2\" value=\"2080882059\" \/><img loading=\"lazy\" decoding=\"async\" class=\"wpcf7-form-control wpcf7-captchac wpcf7-captcha-captcha-2\" width=\"72\" height=\"24\" alt=\"captcha\" src=\"https:\/\/www.muehlenurlaub-suedheide.de\/wp-content\/uploads\/wpcf7_captcha\/2080882059.png\" \/> <span class=\"wpcf7-form-control-wrap\" data-name=\"captcha-2\"><input type=\"text\" name=\"captcha-2\" value=\"\" size=\"40\" class=\"wpcf7-form-control wpcf7-captchar\" autocomplete=\"off\" aria-invalid=\"false\" \/><\/span><br \/>\n<\/label><br \/>\n<input type=\"submit\" value=\"Senden\" class=\"wpcf7-form-control has-spinner wpcf7-submit\" \/><\/p>\n<div class=\"wpcf7-response-output\" aria-hidden=\"true\"><\/div><\/form><\/div><\/div>\n","protected":false},"excerpt":{"rendered":"<p>Zur Ruhe kommen und Energie tanken im historischen Turmholl\u00e4nder von 1867 Ferienm\u00fchle f\u00fcr bis zu 6 (ggf. 8) Personen: Wohnfl\u00e4che in mitten der historischen Windm\u00fchle von ca 150 m2&nbsp;\u00fcber 3 Etagen ab 5 Personen Nutzung des angrenzenden Apartments von ca. 35 m2 m\u00f6glich 2000 m2 gepflegter Garten in Alleinlage Historischer Turmholl\u00e4nder von 1867 f\u00fcr Ruhe- [&hellip;]<\/p>\n","protected":false},"author":1,"featured_media":0,"parent":0,"menu_order":0,"comment_status":"closed","ping_status":"closed","template":"","meta":{"ngg_post_thumbnail":0,"footnotes":""},"class_list":["post-16","page","type-page","status-publish","hentry"],"_links":{"self":[{"href":"https:\/\/www.muehlenurlaub-suedheide.de\/index.php\/wp-json\/wp\/v2\/pages\/16","targetHints":{"allow":["GET"]}}],"collection":[{"href":"https:\/\/www.muehlenurlaub-suedheide.de\/index.php\/wp-json\/wp\/v2\/pages"}],"about":[{"href":"https:\/\/www.muehlenurlaub-suedheide.de\/index.php\/wp-json\/wp\/v2\/types\/page"}],"author":[{"embeddable":true,"href":"https:\/\/www.muehlenurlaub-suedheide.de\/index.php\/wp-json\/wp\/v2\/users\/1"}],"replies":[{"embeddable":true,"href":"https:\/\/www.muehlenurlaub-suedheide.de\/index.php\/wp-json\/wp\/v2\/comments?post=16"}],"version-history":[{"count":10,"href":"https:\/\/www.muehlenurlaub-suedheide.de\/index.php\/wp-json\/wp\/v2\/pages\/16\/revisions"}],"predecessor-version":[{"id":159,"href":"https:\/\/www.muehlenurlaub-suedheide.de\/index.php\/wp-json\/wp\/v2\/pages\/16\/revisions\/159"}],"wp:attachment":[{"href":"https:\/\/www.muehlenurlaub-suedheide.de\/index.php\/wp-json\/wp\/v2\/media?parent=16"}],"curies":[{"name":"wp","href":"https:\/\/api.w.org\/{rel}","templated":true}]}}