{"id":187,"date":"2022-04-12T10:32:13","date_gmt":"2022-04-12T08:32:13","guid":{"rendered":"https:\/\/www.muehlenurlaub-suedheide.de\/?page_id=187"},"modified":"2022-09-10T11:24:41","modified_gmt":"2022-09-10T09:24:41","slug":"erdgeschoss","status":"publish","type":"page","link":"https:\/\/www.muehlenurlaub-suedheide.de\/index.php\/urlaub\/erdgeschoss\/","title":{"rendered":"Erdgeschoss"},"content":{"rendered":"\n<figure class=\"wp-block-image size-large\"><a href=\"https:\/\/www.muehlenurlaub-suedheide.de\/wp-content\/uploads\/2022\/09\/Windmuehle_Eingang-scaled.jpg\"><img loading=\"lazy\" decoding=\"async\" width=\"1024\" height=\"957\" src=\"https:\/\/www.muehlenurlaub-suedheide.de\/wp-content\/uploads\/2022\/09\/Windmuehle_Eingang-1024x957.jpg\" alt=\"\" class=\"wp-image-412\" srcset=\"https:\/\/www.muehlenurlaub-suedheide.de\/wp-content\/uploads\/2022\/09\/Windmuehle_Eingang-1024x957.jpg 1024w, https:\/\/www.muehlenurlaub-suedheide.de\/wp-content\/uploads\/2022\/09\/Windmuehle_Eingang-300x280.jpg 300w, https:\/\/www.muehlenurlaub-suedheide.de\/wp-content\/uploads\/2022\/09\/Windmuehle_Eingang-768x718.jpg 768w, https:\/\/www.muehlenurlaub-suedheide.de\/wp-content\/uploads\/2022\/09\/Windmuehle_Eingang-1536x1436.jpg 1536w, https:\/\/www.muehlenurlaub-suedheide.de\/wp-content\/uploads\/2022\/09\/Windmuehle_Eingang-2048x1914.jpg 2048w\" sizes=\"auto, (max-width: 1024px) 100vw, 1024px\" \/><\/a><figcaption>Wittingen Ohrdorf Windm\u00fchle Eingangsbereich<\/figcaption><\/figure>\n\n\n\n<h3 class=\"wp-block-heading\">Eingangsbereich:<\/h3>\n\n\n\n<ul class=\"wp-block-list\"><li>Gartenm\u00f6bel mit Auflagen<\/li><li>Handfeger, Besen, Staubsauger, \u2026<\/li><li>Feuerl\u00f6scher<\/li><li>Kleiderst\u00e4nder<\/li><\/ul>\n\n\n\n<p><\/p>\n\n\n\n<h3 class=\"wp-block-heading\">K\u00fcche:<\/h3>\n\n\n\n<figure class=\"wp-block-gallery has-nested-images columns-default is-cropped wp-block-gallery-1 is-layout-flex wp-block-gallery-is-layout-flex\">\n<figure class=\"wp-block-image size-large\"><a href=\"https:\/\/www.muehlenurlaub-suedheide.de\/wp-content\/uploads\/2022\/09\/Windmuehle_Kochen-scaled.jpg\"><img loading=\"lazy\" decoding=\"async\" width=\"1024\" height=\"768\" data-id=\"410\" src=\"https:\/\/www.muehlenurlaub-suedheide.de\/wp-content\/uploads\/2022\/09\/Windmuehle_Kochen-1024x768.jpg\" alt=\"\" class=\"wp-image-410\" srcset=\"https:\/\/www.muehlenurlaub-suedheide.de\/wp-content\/uploads\/2022\/09\/Windmuehle_Kochen-1024x768.jpg 1024w, https:\/\/www.muehlenurlaub-suedheide.de\/wp-content\/uploads\/2022\/09\/Windmuehle_Kochen-300x225.jpg 300w, https:\/\/www.muehlenurlaub-suedheide.de\/wp-content\/uploads\/2022\/09\/Windmuehle_Kochen-768x576.jpg 768w, https:\/\/www.muehlenurlaub-suedheide.de\/wp-content\/uploads\/2022\/09\/Windmuehle_Kochen-1536x1152.jpg 1536w, https:\/\/www.muehlenurlaub-suedheide.de\/wp-content\/uploads\/2022\/09\/Windmuehle_Kochen-2048x1536.jpg 2048w\" sizes=\"auto, (max-width: 1024px) 100vw, 1024px\" \/><\/a><figcaption>Wittingen Ohrdorf Windm\u00fchle K\u00fcche<\/figcaption><\/figure>\n<\/figure>\n\n\n\n<ul class=\"wp-block-list\"><li>Herd (Ceranfeld) mit Backofen<\/li><li>K\u00fchlschrank (mit *** Gefierfach)<\/li><li>Geschirrsp\u00fcler<\/li><li>Kaffemaschine<\/li><li>Wasserkocher<\/li><li>Toaster<\/li><li>Senceo &#8211; Kaffepadmaschine<\/li><li>Mikrowelle<\/li><li>Geschirr, T\u00f6pfe, Sch\u00fcsseln, Backformen, Mixer, \u2026<\/li><li>Kaffee, Tee, Mehl, Zucker, Gew\u00fcrze<\/li><li>Reinigungsmittel, Geschirrsp\u00fcltabs<\/li><li>Waschmaschine<\/li><\/ul>\n\n\n\n<p><\/p>\n\n\n\n<h3 class=\"wp-block-heading\">Essbereich:<\/h3>\n\n\n\n<figure class=\"wp-block-image size-large\"><a href=\"https:\/\/www.muehlenurlaub-suedheide.de\/wp-content\/uploads\/2022\/09\/Windmuehle_Essen-scaled.jpg\"><img loading=\"lazy\" decoding=\"async\" width=\"1024\" height=\"768\" src=\"https:\/\/www.muehlenurlaub-suedheide.de\/wp-content\/uploads\/2022\/09\/Windmuehle_Essen-1024x768.jpg\" alt=\"\" class=\"wp-image-411\" srcset=\"https:\/\/www.muehlenurlaub-suedheide.de\/wp-content\/uploads\/2022\/09\/Windmuehle_Essen-1024x768.jpg 1024w, https:\/\/www.muehlenurlaub-suedheide.de\/wp-content\/uploads\/2022\/09\/Windmuehle_Essen-300x225.jpg 300w, https:\/\/www.muehlenurlaub-suedheide.de\/wp-content\/uploads\/2022\/09\/Windmuehle_Essen-768x576.jpg 768w, https:\/\/www.muehlenurlaub-suedheide.de\/wp-content\/uploads\/2022\/09\/Windmuehle_Essen-1536x1152.jpg 1536w, https:\/\/www.muehlenurlaub-suedheide.de\/wp-content\/uploads\/2022\/09\/Windmuehle_Essen-2048x1536.jpg 2048w\" sizes=\"auto, (max-width: 1024px) 100vw, 1024px\" \/><\/a><figcaption>Wittingen Ohrdorf Windm\u00fchle Essbereich<\/figcaption><\/figure>\n\n\n\n<ul class=\"wp-block-list\"><li>edeler Esstisch mit 6 St\u00fchlen<\/li><li>Buffetschrank<\/li><li>Esszimmerschrank<\/li><\/ul>\n\n\n\n<p><\/p>\n\n\n\n<h3 class=\"wp-block-heading\">Wohnbereich:<\/h3>\n\n\n\n<p>Wittingen Ohrdorf Windm\u00fchle Weizenmahlstuhl<\/p>\n\n\n\n<ul class=\"wp-block-list\"><li>TV (LCD Fernseher \u00fcber Sat-Anschluss)<\/li><li>DVD Player (mit kleiner DVD Auswahl)<\/li><li>Mini- Stereoanlage (Radio, CD)<\/li><li>gro\u00dfes antikes Sofa mit zwei Sesseln<\/li><li>gro\u00dfer Couchtisch<\/li><li>Spieleschrank mit Brettspielen f\u00fcr gro\u00df und Klein<\/li><li>diverse Spiele f\u00fcr Kinder (Lego- Duplo, \u2026)<\/li><li>Informationsmappen (M\u00fchlen, Freizeitm\u00f6glichkeiten, \u2026)<\/li><\/ul>\n\n\n\n<figure class=\"wp-block-image size-large\"><a href=\"https:\/\/www.muehlenurlaub-suedheide.de\/wp-content\/uploads\/2022\/09\/Windmuehle_Weizenmahlstuhl-scaled.jpg\"><img loading=\"lazy\" decoding=\"async\" width=\"1024\" height=\"768\" src=\"https:\/\/www.muehlenurlaub-suedheide.de\/wp-content\/uploads\/2022\/09\/Windmuehle_Weizenmahlstuhl-1024x768.jpg\" alt=\"Wittingen Ohrdorf Windm\u00fchle Weizenmahlstuhl\" class=\"wp-image-409\" srcset=\"https:\/\/www.muehlenurlaub-suedheide.de\/wp-content\/uploads\/2022\/09\/Windmuehle_Weizenmahlstuhl-1024x768.jpg 1024w, https:\/\/www.muehlenurlaub-suedheide.de\/wp-content\/uploads\/2022\/09\/Windmuehle_Weizenmahlstuhl-300x225.jpg 300w, https:\/\/www.muehlenurlaub-suedheide.de\/wp-content\/uploads\/2022\/09\/Windmuehle_Weizenmahlstuhl-768x576.jpg 768w, https:\/\/www.muehlenurlaub-suedheide.de\/wp-content\/uploads\/2022\/09\/Windmuehle_Weizenmahlstuhl-1536x1152.jpg 1536w, https:\/\/www.muehlenurlaub-suedheide.de\/wp-content\/uploads\/2022\/09\/Windmuehle_Weizenmahlstuhl-2048x1536.jpg 2048w\" sizes=\"auto, (max-width: 1024px) 100vw, 1024px\" \/><\/a><figcaption>Wittingen Ohrdorf Windm\u00fchle Weizenmahlstuhl<\/figcaption><\/figure>\n\n\n\n<div style=\"height:100px\" aria-hidden=\"true\" class=\"wp-block-spacer\"><\/div>\n\n\n\n<p>Weitere Etagen:<\/p>\n\n\n\n<ul class=\"wp-block-list\"><li><a href=\"https:\/\/www.muehlenurlaub-suedheide.de\/index.php\/urlaub\/1-og\/\" data-type=\"URL\" data-id=\"https:\/\/www.muehlenurlaub-suedheide.de\/index.php\/urlaub\/1-og\/\">1. OG<\/a><\/li><li><a href=\"https:\/\/www.muehlenurlaub-suedheide.de\/index.php\/urlaub\/2-og\/\" data-type=\"URL\" data-id=\"https:\/\/www.muehlenurlaub-suedheide.de\/index.php\/urlaub\/2-og\/\">2. OG<\/a><\/li><\/ul>\n","protected":false},"excerpt":{"rendered":"<p>Eingangsbereich: Gartenm\u00f6bel mit Auflagen Handfeger, Besen, Staubsauger, \u2026 Feuerl\u00f6scher Kleiderst\u00e4nder K\u00fcche: Herd (Ceranfeld) mit Backofen K\u00fchlschrank (mit *** Gefierfach) Geschirrsp\u00fcler Kaffemaschine Wasserkocher Toaster Senceo &#8211; Kaffepadmaschine Mikrowelle Geschirr, T\u00f6pfe, Sch\u00fcsseln, Backformen, Mixer, \u2026 Kaffee, Tee, Mehl, Zucker, Gew\u00fcrze Reinigungsmittel, Geschirrsp\u00fcltabs Waschmaschine Essbereich: edeler Esstisch mit 6 St\u00fchlen Buffetschrank Esszimmerschrank Wohnbereich: Wittingen Ohrdorf Windm\u00fchle Weizenmahlstuhl TV [&hellip;]<\/p>\n","protected":false},"author":1,"featured_media":0,"parent":16,"menu_order":1,"comment_status":"closed","ping_status":"closed","template":"","meta":{"ngg_post_thumbnail":0,"footnotes":""},"class_list":["post-187","page","type-page","status-publish","hentry"],"_links":{"self":[{"href":"https:\/\/www.muehlenurlaub-suedheide.de\/index.php\/wp-json\/wp\/v2\/pages\/187","targetHints":{"allow":["GET"]}}],"collection":[{"href":"https:\/\/www.muehlenurlaub-suedheide.de\/index.php\/wp-json\/wp\/v2\/pages"}],"about":[{"href":"https:\/\/www.muehlenurlaub-suedheide.de\/index.php\/wp-json\/wp\/v2\/types\/page"}],"author":[{"embeddable":true,"href":"https:\/\/www.muehlenurlaub-suedheide.de\/index.php\/wp-json\/wp\/v2\/users\/1"}],"replies":[{"embeddable":true,"href":"https:\/\/www.muehlenurlaub-suedheide.de\/index.php\/wp-json\/wp\/v2\/comments?post=187"}],"version-history":[{"count":10,"href":"https:\/\/www.muehlenurlaub-suedheide.de\/index.php\/wp-json\/wp\/v2\/pages\/187\/revisions"}],"predecessor-version":[{"id":417,"href":"https:\/\/www.muehlenurlaub-suedheide.de\/index.php\/wp-json\/wp\/v2\/pages\/187\/revisions\/417"}],"up":[{"embeddable":true,"href":"https:\/\/www.muehlenurlaub-suedheide.de\/index.php\/wp-json\/wp\/v2\/pages\/16"}],"wp:attachment":[{"href":"https:\/\/www.muehlenurlaub-suedheide.de\/index.php\/wp-json\/wp\/v2\/media?parent=187"}],"curies":[{"name":"wp","href":"https:\/\/api.w.org\/{rel}","templated":true}]}}